st common factor of 129 and x.
43
Let y = 43 - 16. Suppose 5*b + 27 = 3*l, 41 = 4*l + b - 6*b. Suppose -7*i = -35 + l. What is the highest common divisor of y and i?
3
Let f be (2562/305)/(2/10). Suppose 0 = -44*h + f*h + 24. What is the greatest common divisor of h and 564?
12
Suppose 1427 = 4*s - 57. Suppose 7*i - 21 = s. Calculate the greatest common divisor of i and 728.
56
Suppose 3*m - 2 = -3*o + 1, 0 = 5*o + 4*m - 8. Let i = 1725 - 1681. What is the highest common factor of i and o?
4
Let f = 118 + -93. Let b be 266/6 - 2*2/(-6). What is the highest common divisor of b and f?
5
Suppose 2 + 358 = 3*v. Suppose -8 = -19*f + 15*f. Suppose -f*z = -3*i - 39, -z + 7*i = 3*i - 27. What is the highest common divisor of v and z?
15
Let b = 19 - 19. Let a be 2 + 11 + (3 - b). Let i be (3 - (0 + 2)) + a. Calculate the greatest common divisor of 51 and i.
17
Let v = -45 + 48. Let x be (-108)/(-3) + (2 - v). Suppose 3*h + 4*r + 22 = 6*h, 4*r - 62 = -3*h. Calculate the highest common factor of x and h.
7
Suppose 4*f = 8, 0 = 3*i + 2*f - 18 - 49. Suppose 2*y = -i*y + 414. What is the highest common factor of 162 and y?
18
Let l = -8897 + 9098. Calculate the greatest common divisor of 7437 and l.
201
Let r(n) = -1464*n + 10458. Let v be r(7). Calculate the greatest common factor of v and 405.
15
Let d = 14137 - 10040. Calculate the highest common divisor of d and 17.
17
Let u(h) = -72*h + 6895. Let b be u(17). What is the greatest common factor of 53 and b?
53
Suppose -88*y + 61*y = -1701. What is the greatest common divisor of y and 1197?
63
Let a(f) = f**2 - 12*f - 22. Suppose -13*i + 70 = -8*i + 5*m, -4*m - 56 = -4*i. Let q be a(i). Calculate the highest common factor of 30 and q.
6
Let a(u) = 2*u**2 + 246*u + 7862. Let y be a(-40). Calculate the greatest common divisor of 208 and y.
26
Let s = 54 - 57. Let h be (-1 - s)*(-58)/4. Let r be (h/(-4))/(10/160). What is the highest common factor of r and 29?
29
Let z be ((-54)/(-63))/(27/63). Let j(i) = -i**3 + 11*i**2 - 12*i + 4. Let r be j(8). Suppose 0 = -z*k - 8*k + r. What is the highest common divisor of 2 and k?
2
Suppose 5*k + 2*k - 644 = -7*k. Calculate the highest common factor of 1426 and k.
46
Let z be (-3)/(1 - 7/6). Let p = -9 - -14. Suppose 0 = -p*a + 62 + 88. What is the highest common divisor of z and a?
6
Suppose 140 = -x + 170. Suppose 9*h = x*h - 3234. What is the highest common divisor of 28 and h?
14
Let c(l) = 19*l**2 - 216*l + 52. Let y be c(14). Calculate the greatest common factor of 14 and y.
2
Let s(z) = -2*z**2 - 58*z + 61. Let f be s(-30). What is the highest common factor of f and 235?
1
Suppose p = 5*t + 28 - 4, -2*p = -5*t - 33. Let w be -1 + 36/p + (-1 - 1). Let l be -2*(-2)/(8/14). What is the greatest common factor of w and l?
1
Suppose -11*u = -31*u - 10*u + 5880. What is the highest common divisor of u and 364?
28
Let f(r) = 2*r**3 - 84*r**2 - 51*r + 163. Let q be f(43). Calculate the highest common divisor of q and 78.
6
Suppose 1780 = 12020*v - 12010*v. What is the highest common divisor of 11926 and v?
178
Suppose -36*k + 944 = 80. Calculate the highest common factor of k and 5592.
24
Let f be (-24)/(-18) - (-4)/(-3). Suppose f = 5*x + 89 - 24. Let y(m) = m**2 + 11*m - 21. Let h be y(x). What is the highest common divisor of 1 and h?
1
Let x = 59 - 68. Let u be x/(-2)*(-10)/15. Let t be 2/6 + 4/u + 25. What is the greatest common divisor of 18 and t?
6
Suppose 2*y = -706 + 786. Let q = 11 - -109. What is the greatest common factor of q and y?
40
Suppose 54 = 43*s - 40*s. Suppose 0 = -s*v + 113 + 247. What is the greatest common divisor of 5 and v?
5
Let c(j) = 0*j**3 - 8*j + 36*j**2 + 16 - 13*j**2 - 24*j**2 + j**3. Let m be c(0). Calculate the greatest common factor of 656 and m.
16
Let a be -8 - -11570*(5/(-2) + 3). Calculate the highest common divisor of 106 and a.
53
Suppose 19*u = 24*u - 33*u + 799932. Calculate the greatest common divisor of u and 107.
107
Let g = 42 + -39. Let a(q) = 1 + 4*q - 6*q**3 + 2*q**g + 7*q**2 + 3*q**3 - q**2. Let k be a(6). Calculate the greatest common factor of k and 25.
25
Let h(n) = 67*n**2 + 2*n - 4. Suppose 0 = -3*b - 1 - 5. Let w be h(b). Calculate the highest common divisor of 104 and w.
52
Let o(u) = 4*u**3 - 55*u**2 - u + 147. Let f be o(0). Calculate the greatest common factor of f and 798.
21
Let w be 68/(-3)*18/4. Let i = 161 + -229. Let c = i - w. Calculate the highest common factor of c and 51.
17
Suppose 206*r - 217*r = -3366. What is the greatest common factor of 450 and r?
18
Suppose -12*l + 2718 - 918 = 0. Calculate the greatest common factor of 1275 and l.
75
Let m be (-12 - 40)*6/8. Let v = -36 - m. Suppose v*a - 96 = -a. What is the greatest common divisor of a and 8?
8
Suppose -37 = -32*u + 123. Suppose -3*k = y - 267, -10*y - 73 = -k - u*y. Let x = 1 + 7. What is the greatest common factor of k and x?
8
Let x(t) = -t**3 + 12*t**2 - 7*t - 4. Let l be x(10). Suppose -l = -9*m + 7*m. Calculate the highest common divisor of m and 3.
3
Let q be 6 - (-234)/6 - 4. Suppose -j + n + 38 = -166, 614 = 3*j - n. Calculate the greatest common divisor of j and q.
41
Let g(r) = -r**3 - 74*r**2 - 17*r + 478. Let b be g(-75). Calculate the greatest common factor of b and 31.
31
Suppose -297 = 85*l - 750 - 567. Suppose 2*k - a + 3*a = -2, k - a = 9. Calculate the highest common factor of k and l.
4
Let g(x) = -x**3 + 211*x**2 + 672*x - 6140. Let w be g(214). Suppose 0 = -2*a + 6*a - 4*b - 140, 5*a + 2*b = 210. What is the highest common divisor of w and a?
40
Suppose -w + 2 = 2*n - 7, -5*w - 10 = -n. Suppose -3*q + 186 = 5*a, -3*q + 198 = n*a - 4*q. Calculate the greatest common divisor of 312 and a.
39
Let t(w) = -w**3 + 19*w**2 - 36*w + 31. Let l be t(16). Let m = l - 187. What is the greatest common divisor of m and 72?
36
Suppose -3*h + 4*h = 7. Let s be (-5)/(-35) + 671/h. Suppose -2*m - 38 = -3*t, 13 = t + 3*m + 4. Calculate the greatest common divisor of t and s.
12
Let b = -9 + 7. Let n = 2 - b. Suppose n*h = 16 + 12. Calculate the highest common factor of 56 and h.
7
Let f(q) = -q**2 + 19*q + 11. Let a(l) = -2*l**2 + 21*l + 12. Let g(w) = -3*a(w) + 4*f(w). Let p be g(-6). What is the highest common factor of 32 and p?
2
Suppose 2*i - 3*s = -5 - 2, -s = i - 9. Let m be ((-55)/22)/((-5)/i). Suppose -m*h - 33 = -65. What is the highest common factor of h and 8?
8
Let z = -141 + 143. Suppose -2*n - 2*u + 273 = u, -z*n - 4*u = -268. Calculate the greatest common divisor of 9 and n.
9
Suppose 4*v + 15 = 6*v + 5*x, -5 = -5*x. Suppose v*c + 2 = 4*c, -5*f + 3*c = -241. Suppose 7*m - 752 = 3*m. What is the highest common divisor of f and m?
47
Let p be (-8)/(-1)*-1*-2. Let i(j) = 1927*j - 957*j - 207 - 963*j. Let b be i(33). What is the highest common divisor of p and b?
8
Suppose 16*j - 15*j - 2 = 0. Let n be 48/(-40)*-10 - j. Calculate the greatest common divisor of n and 70.
10
Let b(l) = -2*l**3 - 9*l**2 - 88*l - 430. Let h be b(-5). Let a be -1*49*10/(-2). Calculate the highest common factor of h and a.
35
Suppose 29692*u - 29694*u - 42 = 4*z, 2*z + 38 = 0. Let j = 2 - 1. Let m(c) = 17*c. Let p be m(j). What is the greatest common factor of u and p?
17
Suppose 0 = -5*y + 4*n + 432, -77*y = -75*y + 4*n - 156. Suppose -4*d - 4*t = -36 - 48, 75 = 3*d - t. Calculate the greatest common divisor of d and y.
12
Let o(u) = u**3 - 15*u**2 + 4*u + 5. Let h be o(5). Let q be (2/2 - -2)/((-27)/h). Calculate the highest common factor of 40 and q.
5
Let g(p) = -4*p - 2. Let l be g(9). Let y be (-4512)/(-46) + l/437. Calculate the greatest common divisor of 245 and y.
49
Let b be (-15)/24 + (-1253856)/(-768). Calculate the highest common divisor of b and 153.
51
Suppose 0 = 2*r - 0*r - 684. Suppose p + 16 = 0, -3*p - 978 - 68 = -34*k + 838. What is the highest common factor of r and k?
18
Let b = 323 + -556. Let w = b - -238. Calculate the highest common factor of 335 and w.
5
Let m be 35 + 3 + -1 - 0/12. What is the greatest common divisor of 4477 and m?
37
Let d(i) = 5*i - 40. Let c = 124 + -115. Let j be d(c). Calculate the highest common divisor of j and 55.
5
Suppose 0 = 37*o - 39*o + 16. Let z(v) = 2*v**3 + 25*v**2 - 19*v + 2. Let q be z(-13). What is the highest common factor of q and o?
8
Suppose 16*n - 14571 = 4*n + 66633. Ca